). Suppose -b + 22 = -2*o, -6*b + o = -d*b - 88. Is 5 a factor of b?
False
Let d(j) = -13*j - 20. Let p be d(-2). Suppose 0 = -2*b + 2, -p*b = c - 4*b - 111. Is c a multiple of 13?
False
Suppose 0 = f - 0*f - 4. Suppose 12*a - 10*a + 12 = 0. Let d = f - a. Is d a multiple of 3?
False
Let g(r) = 10*r + 25. Let n be g(18). Suppose -8*m + 4*m + 425 = 5*l, -2*m + 5*l + n = 0. Is 20 a factor of m?
False
Let k be -1 - (-1)/(-3)*-3. Is 35 a factor of -12*(k + 42/(-2))?
False
Let o = 103 + -45. Suppose 0 = -4*t + 38 + o. Let c = t + 2. Is c a multiple of 7?
False
Suppose 4*m + 0*i + 4*i + 8 = 0, 5*m + 4*i = -6. Suppose m*h = 4*c - 934, -3*h = h - 4. Is 18 a factor of c?
True
Suppose 4*i = 50*m - 55*m + 5266, -3*i = -3*m + 3165. Is m a multiple of 25?
False
Suppose 0*m - 16*m = -8144. Does 66 divide m?
False
Suppose 2 = 2*c - 4. Let p be -3 + c - -3 - -3. Suppose -p = -l - 0. Is 5 a factor of l?
False
Let i be 84/15 + 7/5 + -1. Suppose -188 = -i*b + 364. Is 23 a factor of b?
True
Let v(s) be the second derivative of 16*s**3/3 + 8*s**2 + 16*s. Does 36 divide v(4)?
True
Suppose r - 5*h = -2*r + 88, -3*h = -3*r + 96. Is 18 a factor of r?
True
Let u(d) = 15*d**2 - 9*d - 36. Does 12 divide u(-8)?
True
Suppose -7*p = -3*p + 60. Does 14 divide 84/4*(-40)/p?
True
Suppose 5*m + 5*v - 7*v - 3056 = 0, -3*m - 2*v + 1824 = 0. Is m a multiple of 27?
False
Is 28 a factor of (4865/5)/((-8)/(48/(-1)))?
False
Let i(o) be the first derivative of -3*o**4/2 + o**3 + 3*o**2 + 7*o - 41. Does 7 divide i(-2)?
False
Let i be 23 - (0/3 - 1). Suppose -i = -t + 31. Is 8 a factor of t?
False
Let n(p) = -p + 13. Let z be 1 + -5 - (-4)/(-4). Is n(z) a multiple of 9?
True
Let h = 5 - 2. Suppose h = 5*i - 22, -5*i = j - 157. Does 33 divide j?
True
Suppose 3*n - 3 = -3*f + 4*n, -5*n = 2*f - 2. Does 11 divide f*((-68)/(3 + -5) + -1)?
True
Let t(l) = 2*l**2 + 4*l - 1. Let y be t(-3). Suppose g - a = 34, y*g - 2*a = 2*a + 172. Is g a multiple of 12?
True
Let g = -7 + 12. Let t(z) = 4*z - 3. Let m(k) = -k - 1. Let o(h) = -5*m(h) - t(h). Is o(g) a multiple of 4?
False
Suppose 0 = -4*v, -6*v = o - 2*v - 256. Is 16 a factor of o?
True
Suppose 0 = -18*t + 541 + 665. Is 6 a factor of t?
False
Suppose -3*x = -2*t, -4*x = t - 4*t - 2. Let g = 8 + t. Suppose 2*l - 6*l + 16 = 0, 5*l = g*u - 24. Is u a multiple of 11?
True
Suppose -4*l + 23 + 13 = 0. Suppose c + 8 = -2*u, -3*c + c + l = -u. Suppose t = -3*s + 125, 0*s + 50 = s + c*t. Is 8 a factor of s?
True
Suppose l + l = 4*j - 412, 0 = -2*l - 2*j - 424. Let u be 1/3 - l/45. Suppose -3*f = -4*f + u, -q + 4*f + 42 = 0. Is 9 a factor of q?
False
Suppose -3*n = -4*w - 0*n - 1144, -2*n = 0. Let q = -118 - w. Is q a multiple of 24?
True
Let s(g) = -3*g**2 + 6*g + 3. Let o be s(3). Does 9 divide o*((-147)/6 + 2)?
True
Let a = -40 - -78. Suppose -2*g = -5*p - 323, 3*p + 124 = g - a. Is g a multiple of 37?
False
Let f = 37 - 37. Suppose -b + 4*w + 13 = f, 2*b + b = -2*w + 109. Does 3 divide b?
True
Suppose -4*l + 80 + 57 = -5*g, 2*g = 3*l - 59. Is 18 a factor of (1 + (-14)/6)*(g + -29)?
True
Let p(z) = 2*z**3 + 4*z + 96. Is 8 a factor of p(0)?
True
Let o(f) = 18 - 14*f + 35 + 7. Is 20 a factor of o(-11)?
False
Suppose 0 = -t - 6 + 3. Let w be 2/t + 64/24. Suppose -d - 3*d + 5*u + 72 = 0, 0 = -w*u. Does 10 divide d?
False
Let x(b) = 2*b**2 - 4*b + 2. Let a be x(2). Suppose 5*q = 3*c + 176 - 451, 5*c = -a*q + 417. Is c a multiple of 14?
False
Let c(l) = -4*l + 151. Does 2 divide c(25)?
False
Suppose -258 - 310 = 4*j. Let i = j + 213. Does 14 divide i?
False
Suppose -5*i - 2*y = 8 - 40, 3*y + 4 = -i. Does 2 divide i?
True
Suppose o + 3 = -2*h + 3*h, 4*o = h + 6. Let d(x) = -x**3 + 6*x**2 + 12*x - 2. Does 7 divide d(h)?
True
Let c(k) = -33*k**3 - 2*k**2 + 5*k + 2. Is c(-3) a multiple of 19?
False
Let r(h) = 5*h**3 - h**2 - 4*h + 7. Is 8 a factor of r(4)?
False
Let r = 307 - 195. Does 4 divide r?
True
Suppose 23958 = 32*j + j. Does 66 divide j?
True
Suppose -4 = d, 4*d - 27 = -l + 83. Let c = 71 + -142. Let u = c + l. Does 11 divide u?
True
Suppose 0 = 386*z - 389*z + 3255. Does 18 divide z?
False
Let b(n) = 1864*n**2 + 8*n + 7. Does 24 divide b(-1)?
False
Suppose 5*z + 3*i = 1038, 0 = z + 3*i - 38 - 160. Is 23 a factor of z?
False
Let j = -58 - -74. Let y(h) be the first derivative of h**4/4 - 5*h**3 - 17*h**2/2 + 21*h + 1. Is 2 a factor of y(j)?
False
Suppose -26*y + 15*y = -8932. Is 14 a factor of y?
True
Let z = -518 - -1134. Is z a multiple of 22?
True
Suppose -5*p - 3*r = 31, 4 = r + 1. Let j be (-34)/p - (-9)/12. Is 11 a factor of j/(-25) - 588/(-15)?
False
Let o = -39 + 50. Does 8 divide -1 + 7/(21/9)*o?
True
Let k(l) = 3*l + 9. Does 12 divide k(12)?
False
Let a = -7 - -9. Let r be (-12 - (a + -3))*-1. Let y = 0 + r. Does 5 divide y?
False
Suppose -49*b + 42 = -48*b. Suppose -3*c + 9 = -3. Let y = b - c. Is 10 a factor of y?
False
Let c(z) = -8*z + 18. Let p be c(9). Let l = p + 61. Is 2 a factor of l?
False
Suppose -28 = -2*h - 64. Let n = h + 66. Suppose -6*w + 4*w = -n. Is w a multiple of 10?
False
Let x be -5*(-6)/45*-3. Let t be (-14)/(-21) - x/(-3). Suppose u - 6*u + 105 = t. Does 8 divide u?
False
Suppose 3*a - 21 = -0*a. Let k(w) = -w**3 + 8*w**2 - 6*w - 4. Let u be k(a). Suppose 4*o = -u*i + 39, -2*i - 5*o + 33 = -0. Does 7 divide i?
False
Let r = 11 + -10. Let p(y) = -4*y**2 - y**2 + 4*y**2 - 8*y - 7 + r. Is p(-5) a multiple of 9?
True
Let q(h) = -h**3 - 2*h**2 - 2*h - 2. Let o be q(-2). Let m(f) = -14*f**2 - 7*f. Let x(l) = 15*l**2 + 6*l - 1. Let y(a) = 2*m(a) + 3*x(a). Does 17 divide y(o)?
False
Suppose -541 = 4*j + 47. Let f = j + 284. Is 9 a factor of f?
False
Suppose -27*g = -50*g + 21804. Does 50 divide g?
False
Let b(s) = 5*s**2 + 4*s + 1. Let f = -25 + 20. Let c be 1 + -3 + f + 4. Is 21 a factor of b(c)?
False
Suppose -3*u + 16 = -74. Suppose -2*i + 20 = -u. Suppose 2*f = 4*l + 46, 0 = f - 4*l + 3*l - i. Is 27 a factor of f?
True
Let d = 645 + -315. Is 33 a factor of d?
True
Let x(a) = a**3 - 2*a**2 + 2*a - 1. Let s be x(1). Suppose -49*j + 54*j - 30 = 0. Suppose -4*m - 3*l = -62 + j, 4*m + 5*l - 64 = s. Is m even?
False
Let s be (-3 - 2) + (-3)/(-1). Let t be ((-18)/(-27))/(s/(-15)). Suppose -t*k = -q - k + 37, -113 = -5*q - 4*k. Is 10 a factor of q?
False
Suppose -a + 1856 = 3*a. Suppose 4*u + 0*u - 2*y - 392 = 0, 5*u + 4*y = a. Is 48 a factor of u?
True
Suppose -5*m - 4*u + 178 = 0, u + 2*u = 6. Suppose 31*a + 96 = m*a. Is 13 a factor of a?
False
Let a = 240 - -131. Does 7 divide a?
True
Suppose -3*z + 6 + 6 = -o, 0 = -2*z + 3*o + 15. Suppose z*v + 4*v - 504 = 0. Is v a multiple of 18?
True
Suppose 0 = 5*k - q + 2*q - 18, -3*k = q - 12. Suppose -r = k*r - 180. Does 5 divide r?
True
Is (28/7 + 666)*1 - -2 a multiple of 84?
True
Let n = 251 + 63. Is n a multiple of 12?
False
Suppose 7*k = 17 - 3. Suppose g - 3*g + t = -190, g - k*t - 92 = 0. Does 20 divide g?
False
Suppose -2*k + 96 = x, -x + k - 268 = -4*x. Does 4 divide x?
True
Suppose 160 = 4*j + 28. Suppose -6*m = -5*m - j. Is 11 a factor of m?
True
Suppose 5*m - i = 107, 3*m - 3*i - 98 = -29. Suppose 0 = -4*h + 2*s + 3*s - 28, -4*h + s = 28. Let w = m - h. Does 10 divide w?
False
Let d(y) = -6*y**2 + 9*y + 5. Let t be d(8). Does 21 divide (2 - t/3) + 12/18?
True
Let t(s) = 32*s**3 - 3*s + 2. Let z be t(1). Suppose 2*o = z + 17. Does 4 divide o?
True
Let p = 838 + -718. Is p a multiple of 40?
True
Let a = 1 + 8. Let q = -14 + a. Does 6 divide q*(52/(-20) + 1)?
False
Suppose 2*z - 273 = -49. Is (192/z)/((-6)/(-28)) a multiple of 3?
False
Let a(w) = 6*w**3 - w**2 - 10*w + 4. Is 20 a factor of a(6)?
False
Let k(p) = -83*p + 423. Does 27 divide k(-18)?
True
Let p(w) = 8*w. Let x(z) = -23*z. Let i(l) = -8*p(l) - 3*x(l). Let f be i(1). Suppose 0 = -5*j - 3*b + 163, j + b - 28 = f*b. Is 7 a factor of j?
False
Let s(q) = -2*q + 12. Suppose 5*u - 18 = 2*u. Let o be s(u). Suppose n + 1 - 29 = o. Is n a multiple of 10?
False
Let h(b) = b**3 - b**2 - 1. Let c be h(2). Suppose 3*k - k = 116. Suppose 2*r + 2*z = r + k, -z = c*r - 149. Is r a multiple of 12?
True
Let s(c) = 27*c**2 + 1. Let a(f) = f**2 - 10*f + 1. Let q be a(10). Let u be s(q). Suppose 3*i + 5*p = u, -4*i - 4*p = -i - 26. Does 4 divide i?
False
Let c = -17 + 38. Suppose -2*k + 5 = c. Let f(a) = a**3 + 8*a**2 - 5*a - 8. Is 1